{"id":2,"date":"2009-07-16T17:38:06","date_gmt":"2009-07-16T15:38:06","guid":{"rendered":"http:\/\/www.ries-zum-loewen.de\/?page_id=2"},"modified":"2010-01-03T16:29:20","modified_gmt":"2010-01-03T14:29:20","slug":"eine-seite","status":"publish","type":"page","link":"https:\/\/www.ries-zum-loewen.de\/","title":{"rendered":"Das Burghaus in Igel"},"content":{"rendered":"<p>Dies ist die Homepage des Burghauses in Igel.<\/p>\n<p>Seit Jahrhunderten steht diese Geb\u00e4ude an seinem Ort und trotzt den Wettern und auch den politischen Ver\u00e4nderungen.<\/p>\n<p>In den n\u00e4chsten Wochen werden auf dieser Seite sowohl Bilder aus dem Inneren und \u00c4u\u00dferen als auch die Geschichte dieses Hauses erscheinen.<\/p>\n<p style=\"text-align: center;\"><a href=\"http:\/\/www.ries-zum-loewen.de\/wp-content\/uploads\/2009\/07\/P4123411.jpg\"><img loading=\"lazy\" class=\"aligncenter size-large wp-image-6\" title=\"P4123411\" src=\"http:\/\/www.ries-zum-loewen.de\/wp-content\/uploads\/2009\/07\/P4123411-768x1024.jpg\" alt=\"\" width=\"300\" height=\"400\" srcset=\"https:\/\/www.ries-zum-loewen.de\/wp-content\/uploads\/2009\/07\/P4123411-768x1024.jpg 768w, https:\/\/www.ries-zum-loewen.de\/wp-content\/uploads\/2009\/07\/P4123411-225x300.jpg 225w, https:\/\/www.ries-zum-loewen.de\/wp-content\/uploads\/2009\/07\/P4123411.jpg 1920w\" sizes=\"(max-width: 300px) 100vw, 300px\" \/><\/a><\/p>\n<p style=\"text-align: center;\">\ufeff\ufeff<img src=\"file:\/\/\/C:\/DOKUME%7E1\/Standard\/LOKALE%7E1\/Temp\/moz-screenshot.png\" alt=\"\" \/><\/p>\n<p style=\"text-align: left;\">\n<p style=\"text-align: left;\">\n","protected":false},"excerpt":{"rendered":"<p>Dies ist die Homepage des Burghauses in Igel. Seit Jahrhunderten steht diese Geb\u00e4ude an seinem Ort und trotzt den Wettern und auch den politischen Ver\u00e4nderungen. In den n\u00e4chsten Wochen werden auf dieser Seite sowohl Bilder aus dem Inneren und \u00c4u\u00dferen als auch die Geschichte dieses Hauses erscheinen. \ufeff\ufeff<\/p>\n","protected":false},"author":1,"featured_media":0,"parent":0,"menu_order":0,"comment_status":"closed","ping_status":"open","template":"","meta":{"ngg_post_thumbnail":0},"_links":{"self":[{"href":"https:\/\/www.ries-zum-loewen.de\/index.php?rest_route=\/wp\/v2\/pages\/2"}],"collection":[{"href":"https:\/\/www.ries-zum-loewen.de\/index.php?rest_route=\/wp\/v2\/pages"}],"about":[{"href":"https:\/\/www.ries-zum-loewen.de\/index.php?rest_route=\/wp\/v2\/types\/page"}],"author":[{"embeddable":true,"href":"https:\/\/www.ries-zum-loewen.de\/index.php?rest_route=\/wp\/v2\/users\/1"}],"replies":[{"embeddable":true,"href":"https:\/\/www.ries-zum-loewen.de\/index.php?rest_route=%2Fwp%2Fv2%2Fcomments&post=2"}],"version-history":[{"count":5,"href":"https:\/\/www.ries-zum-loewen.de\/index.php?rest_route=\/wp\/v2\/pages\/2\/revisions"}],"predecessor-version":[{"id":4,"href":"https:\/\/www.ries-zum-loewen.de\/index.php?rest_route=\/wp\/v2\/pages\/2\/revisions\/4"}],"wp:attachment":[{"href":"https:\/\/www.ries-zum-loewen.de\/index.php?rest_route=%2Fwp%2Fv2%2Fmedia&parent=2"}],"curies":[{"name":"wp","href":"https:\/\/api.w.org\/{rel}","templated":true}]}}